{"id":38,"date":"2015-07-02T12:08:36","date_gmt":"2015-07-02T09:08:36","guid":{"rendered":"http:\/\/www.trento.fi\/?page_id=38"},"modified":"2020-01-15T19:43:12","modified_gmt":"2020-01-15T17:43:12","slug":"tre-tietoa-ja-kirjallisuutta","status":"publish","type":"page","link":"https:\/\/www.trefinland.fi\/?page_id=38","title":{"rendered":"TRE-tietoa ja kirjallisuutta"},"content":{"rendered":"<p><strong>David Berceli:<\/strong> <i>TRE-stressinpurkuliikkeet stressin ja traumojen helpottamiseen.<\/i><br \/>\nKuva ja Mieli, 2011.<i> <\/i><b>\u00a0<\/b>Tilaukset s\u00e4hk\u00f6postilla:<br \/>\n<a href=\"http:\/\/www.kuvajamieli.fi\/kauppa\/\" target=\"_blank\" rel=\"noopener noreferrer\">http:\/\/www.kuvajamieli.fi\/kauppa\/<\/a><\/p>\n<p><strong>David Berceli<\/strong>: <i>The Revolutionary Trauma Release Process.<\/i> Namaste Publishing, 2008.<\/p>\n<p><strong>Peter A. Levine<\/strong>:<i> Kun tiikeri her\u00e4\u00e4<\/i>. Suom. Immo Pekkarinen. Traumaterapiakeskus, 2008.<\/p>\n<p><strong>Pat Ogden, Kekuni Minton, Clare Pain<\/strong>: <i>Trauma ja keho. Sensorimotorinen psykoterapia.<\/i> Suom. Immo Pekkarinen. Traumaterapiakeskus, 2009.<\/p>\n<p>&nbsp;<\/p>\n<h1>Artikkeleita<\/h1>\n<p>&nbsp;<\/p>\n<p>Iltalehti 1\/2020: Aivan hassulta n\u00e4ytt\u00e4v\u00e4 keino poistaa stressi\u00e4 arjessa ja kriisiss\u00e4 \u2013 el\u00e4imilt\u00e4 sujuu luonnostaan <a href=\"https:\/\/www.iltalehti.fi\/mielijamasennus\/a\/686206cd-0b48-46dc-a03d-c43cfea37bb2\">NETISS\u00c4<\/a><\/p>\n<p>Iltalehti 12\/2019: Voiko TRE-t\u00e4rin\u00e4 auttaa ty\u00f6uupumuksessa? <a href=\"https:\/\/www.iltalehti.fi\/tv-ja-leffat\/a\/2a5cf27e-8479-4347-890a-ae72a37bf141\">NETISS\u00c4<\/a><\/p>\n<p>Iltalehti 5\/2019: Stressaako? Ota mallia el\u00e4imist\u00e4 ja t\u00e4rise stressi pois &#8211; n\u00e4in teet sen; <a href=\"https:\/\/www.iltalehti.fi\/mieli\/a\/f45b4b90-75b5-4b93-b79b-1192cc61a4c6\">NETISS\u00c4<\/a><br \/>\nEtel\u00e4-Saimaa 8\/2019: Kehon luonnollinen vapinareaktio vapauttaa stressi\u00e4 ja rentouttaa &#8211; Katso videolta, milt\u00e4 TRE-menetelm\u00e4ll\u00e4 aikaansaatu vapina n\u00e4ytt\u00e4\u00e4; <a href=\"https:\/\/esaimaa.fi\/uutiset\/kotimaa\/5f12d9b6-a501-41e0-b821-f34b42b0d41d\">NETISS\u00c4<\/a><br \/>\nTEK-Verkkolehti 4\/2019: Stressi pois t\u00e4risem\u00e4ll\u00e4; <a href=\"https:\/\/lehti.tek.fi\/stressi-tre\">NETISS\u00c4<\/a><br \/>\nYle Radio Suomi 11\/2018: T\u00e4rin\u00e4 valtasi kehoni minuuteissa, vaikka mieleni pisti vastaan; <a href=\"https:\/\/yle.fi\/aihe\/artikkeli\/2018\/11\/18\/tarina-valtasi-kehoni-minuuteissa-vaikka-mieleni-pisti-vastaan\">NETISS\u00c4<\/a><br \/>\nMaaseudun tulevaisuus 4\/2018: Lapsi osaa poistaa t\u00e4risem\u00e4ll\u00e4 j\u00e4nnityst\u00e4 kehostaan, mutta aikuisena taito unohtuu &#8211; katso videolta, miten stressi\u00e4 t\u00e4rist\u00e4\u00e4n pois TRE-harjoituksissa; <a href=\"https:\/\/www.maaseuduntulevaisuus.fi\/ihmiset-kulttuuri\/artikkeli-1.232377\">NETISS\u00c4<\/a><br \/>\nVoi Hyvin 3\/2017: Opin purkamaan j\u00e4nnityst\u00e4: <a href=\"http:\/\/www.trento.fi\/wp-content\/uploads\/2017\/04\/FullSizeRender-2.jpg\" target=\"_blank\" rel=\"noopener noreferrer\">JPG<\/a><br \/>\nMeNaiset.fi 2\/2017: Testasimme uuden stressinpurkukeinon: \u201dt\u00e4rin\u00e4terapia\u201d tuntuu p\u00f6ll\u00f6lt\u00e4 mutta toimii! <a href=\"https:\/\/www.menaiset.fi\/artikkeli\/hyva-olo\/testasimme-uuden-stressinpurkukeinon-tarinaterapia-tuntuu-pollolta-mutta-toimii\">NETISS\u00c4<\/a><br \/>\nKotil\u00e4\u00e4k\u00e4ri 11-12\/marraskuu 2015: Kipu meni, empatia tuli; <a href=\"http:\/\/www.trento.fi\/wp-content\/uploads\/2015\/11\/Kipu-meni-empatia-tuli.pdf\">PDF-tiedostona<\/a><br \/>\nAviisi 12\/2014: Varma nainen vapisee, tosimies tutisee; <a href=\"http:\/\/www.aviisi.fi\/2014\/12\/varma-nainen-vapisee-tosimies-tutisee\/\">NETISS\u00c4<br \/>\n<\/a>NLP Mielilehti kev\u00e4t 2012: Muuta oloa &#8211; t\u00e4rise stressi ja trauma pois; <a href=\"http:\/\/www.trento.fi\/wp-content\/uploads\/2015\/07\/mielilehti_1_2012_muuta_oloa_tarise_stressi_ja_trauma_pois.pdf\" target=\"_blank\" rel=\"noopener noreferrer\">PDF-tiedostona<br \/>\n<\/a>Kotil\u00e4\u00e4k\u00e4ri 7\/2010: T\u00e4rin\u00e4terapia helpottaa j\u00e4nnitt\u00e4mist\u00e4;<a href=\"http:\/\/www.trento.fi\/wp-content\/uploads\/2015\/07\/kotilkri7_2010.pdf\" target=\"_blank\" rel=\"noopener noreferrer\">PDF-tiedostona<\/a>, <a href=\"http:\/\/plaza.fi\/ellit\/liikunta-ja-terveys\/kotilaakari\/hyva-mieli\/tarinaterapia-helpottaa-jannittamista\" target=\"_blank\" rel=\"noopener noreferrer\">NETISS\u00c4<\/a><br \/>\nKuntoPlus 11\/2010: TRE laukaisee j\u00e4nnityksi\u00e4;<a href=\"http:\/\/www.trento.fi\/wp-content\/uploads\/2015\/07\/kunto_plus.pdf\" target=\"_blank\" rel=\"noopener noreferrer\">PDF-tiedostona<\/a><\/p>\n<p>&nbsp;<\/p>\n<h1>Televisiossa<\/h1>\n<p>Yle Akuutti: Burnout \u2013 uusi alku? <a href=\"https:\/\/areena.yle.fi\/1-4517292#autoplay=true\">NETISS\u00c4<\/a><\/p>\n<p>Ylen aamu-tv: T\u00e4rin\u00e4ll\u00e4 eroon stressist\u00e4 <a href=\"https:\/\/areena.yle.fi\/1-4232554\">NETISS\u00c4<\/a><\/p>\n<p>Yle Areenassa TRE-ohjaajat Susanna Koljonen ja Reita Lounatvuori esittelev\u00e4t TREt\u00e4. \u201dKes\u00e4loma tarjoaa hyv\u00e4n tilaisuuden irrottautua stressist\u00e4, mutta kuinka temppu tehd\u00e4\u00e4n?\u201d.\u00a0<a href=\"http:\/\/areena.yle.fi\/tv\/2315101\">NETISS\u00c4<\/a><\/p>\n<p>Yle uutiset: T\u00e4rin\u00e4 saattaa purkaa traumoja \u2013 &#8221;Monissa muissa kulttuureissa ymm\u00e4rret\u00e4\u00e4n t\u00e4rin\u00e4n rentouttava vaikutus&#8221;. <a href=\"http:\/\/yle.fi\/uutiset\/3-9227185\" target=\"_blank\" rel=\"noopener noreferrer\">NETISS\u00c4<\/a><\/p>\n<p>Yle Puoli seitsem\u00e4n:\u00a0Voiko t\u00e4risem\u00e4ll\u00e4 vapauttaa kehon stressist\u00e4? <a href=\"http:\/\/areena.yle.fi\/1-3260090\" target=\"_blank\" rel=\"noopener noreferrer\">NETISS\u00c4<\/a><\/p>\n<h1><\/h1>\n<p>&nbsp;<\/p>\n<h1>Internetiss\u00e4<\/h1>\n<p>David Berceli, <a href=\"http:\/\/www.traumaprevention.com\/\" target=\"_blank\" rel=\"noopener noreferrer\">www.traumaprevention.com<\/a><\/p>\n<p>&nbsp;<\/p>\n<p>&nbsp;<\/p>\n","protected":false},"excerpt":{"rendered":"<p>David Berceli: TRE-stressinpurkuliikkeet stressin ja traumojen helpottamiseen. Kuva ja Mieli, 2011. \u00a0Tilaukset s\u00e4hk\u00f6postilla: http:\/\/www.kuvajamieli.fi\/kauppa\/ David Berceli: The Revolutionary Trauma Release Process. Namaste Publishing, 2008. Peter A. Levine: Kun tiikeri her\u00e4\u00e4. Suom. Immo Pekkarinen. Traumaterapiakeskus, 2008. Pat Ogden, Kekuni Minton, Clare Pain: Trauma ja keho. Sensorimotorinen&#8230;<\/p>\n","protected":false},"author":2,"featured_media":0,"parent":0,"menu_order":0,"comment_status":"closed","ping_status":"closed","template":"","meta":{"footnotes":""},"class_list":["post-38","page","type-page","status-publish","hentry"],"_links":{"self":[{"href":"https:\/\/www.trefinland.fi\/index.php?rest_route=\/wp\/v2\/pages\/38","targetHints":{"allow":["GET"]}}],"collection":[{"href":"https:\/\/www.trefinland.fi\/index.php?rest_route=\/wp\/v2\/pages"}],"about":[{"href":"https:\/\/www.trefinland.fi\/index.php?rest_route=\/wp\/v2\/types\/page"}],"author":[{"embeddable":true,"href":"https:\/\/www.trefinland.fi\/index.php?rest_route=\/wp\/v2\/users\/2"}],"replies":[{"embeddable":true,"href":"https:\/\/www.trefinland.fi\/index.php?rest_route=%2Fwp%2Fv2%2Fcomments&post=38"}],"version-history":[{"count":37,"href":"https:\/\/www.trefinland.fi\/index.php?rest_route=\/wp\/v2\/pages\/38\/revisions"}],"predecessor-version":[{"id":18140,"href":"https:\/\/www.trefinland.fi\/index.php?rest_route=\/wp\/v2\/pages\/38\/revisions\/18140"}],"wp:attachment":[{"href":"https:\/\/www.trefinland.fi\/index.php?rest_route=%2Fwp%2Fv2%2Fmedia&parent=38"}],"curies":[{"name":"wp","href":"https:\/\/api.w.org\/{rel}","templated":true}]}}