{"id":15595,"date":"2015-09-25T00:17:35","date_gmt":"2015-09-24T21:17:35","guid":{"rendered":"http:\/\/www.trento.fi\/?page_id=15595"},"modified":"2017-12-06T13:18:17","modified_gmt":"2017-12-06T11:18:17","slug":"aloituskurssit-2","status":"publish","type":"page","link":"https:\/\/www.trefinland.fi\/?page_id=15595","title":{"rendered":"Aloitus- ja jatkokurssit"},"content":{"rendered":"<p>Aloituskurssilla saat luotettavan alun TRE-harjoitteluusi.<br \/>\n<b>\u00a0<\/b><br \/>\nKurssilla opit:<\/p>\n<ul>\n<li>TRE-stressinpurkuliikkeet sovitettuna omalle kehollesi,<\/li>\n<li>TRE:n viitekehyksen, kehon stressireaktiot: niiden syntyminen ja purkaminen<\/li>\n<li>k\u00e4ynnist\u00e4m\u00e4\u00e4n lihasten vapinana tai t\u00e4rin\u00e4n\u00e4 alkavan luonnollisen ja nopeasti vaikuttavan palautumismekanismin,<\/li>\n<li>ohjeet TRE:n itsen\u00e4iseen harjoittamiseen ja itses\u00e4\u00e4telyyn (ei menetelm\u00e4n ohjaamiseksi muille).<\/li>\n<\/ul>\n<p><strong>\u00a0<\/strong><br \/>\n<b>\u00a0<\/b><br \/>\nTulevat aloitus- ja jatkokurssit<\/p>\n<ul class=\"list-pages-shortcode child-pages\"><li class=\"page_item page-item-19526\"><a href=\"https:\/\/www.trefinland.fi\/?page_id=19526\">TRE-jatkoryhm\u00e4 28.1.-3.6.2026 Helsinki<\/a><\/li>\n<li class=\"page_item page-item-16490\"><a href=\"https:\/\/www.trefinland.fi\/?page_id=16490\">TRE-aloituskurssit 2026 Helsinki<\/a><\/li>\n<\/ul>\n<p>&nbsp;<\/p>\n","protected":false},"excerpt":{"rendered":"<p>Aloituskurssilla saat luotettavan alun TRE-harjoitteluusi. \u00a0 Kurssilla opit: TRE-stressinpurkuliikkeet sovitettuna omalle kehollesi, TRE:n viitekehyksen, kehon stressireaktiot: niiden syntyminen ja purkaminen k\u00e4ynnist\u00e4m\u00e4\u00e4n lihasten vapinana tai t\u00e4rin\u00e4n\u00e4 alkavan luonnollisen ja nopeasti vaikuttavan palautumismekanismin, ohjeet TRE:n itsen\u00e4iseen harjoittamiseen ja itses\u00e4\u00e4telyyn (ei menetelm\u00e4n ohjaamiseksi muille). \u00a0 \u00a0 Tulevat aloitus-&#8230;<\/p>\n","protected":false},"author":1,"featured_media":0,"parent":19,"menu_order":0,"comment_status":"closed","ping_status":"closed","template":"","meta":{"footnotes":""},"class_list":["post-15595","page","type-page","status-publish","hentry"],"_links":{"self":[{"href":"https:\/\/www.trefinland.fi\/index.php?rest_route=\/wp\/v2\/pages\/15595","targetHints":{"allow":["GET"]}}],"collection":[{"href":"https:\/\/www.trefinland.fi\/index.php?rest_route=\/wp\/v2\/pages"}],"about":[{"href":"https:\/\/www.trefinland.fi\/index.php?rest_route=\/wp\/v2\/types\/page"}],"author":[{"embeddable":true,"href":"https:\/\/www.trefinland.fi\/index.php?rest_route=\/wp\/v2\/users\/1"}],"replies":[{"embeddable":true,"href":"https:\/\/www.trefinland.fi\/index.php?rest_route=%2Fwp%2Fv2%2Fcomments&post=15595"}],"version-history":[{"count":16,"href":"https:\/\/www.trefinland.fi\/index.php?rest_route=\/wp\/v2\/pages\/15595\/revisions"}],"predecessor-version":[{"id":17180,"href":"https:\/\/www.trefinland.fi\/index.php?rest_route=\/wp\/v2\/pages\/15595\/revisions\/17180"}],"up":[{"embeddable":true,"href":"https:\/\/www.trefinland.fi\/index.php?rest_route=\/wp\/v2\/pages\/19"}],"wp:attachment":[{"href":"https:\/\/www.trefinland.fi\/index.php?rest_route=%2Fwp%2Fv2%2Fmedia&parent=15595"}],"curies":[{"name":"wp","href":"https:\/\/api.w.org\/{rel}","templated":true}]}}